q. What is the units digit of q?
1
Let g(v) = -v**2 + v - 1. Let s(o) = -o**3 + o**2 + 11*o - 21. Let y(p) = 6*g(p) - s(p). Let i be y(5). Let c = -35 - i. What is the tens digit of c?
2
Let c(q) = 4*q**3 - 10*q**2 + 5*q + 9. Let u(h) = 6*h + 78. Let g be u(-12). What is the hundreds digit of c(g)?
5
Let f(i) = i**3 + 5*i**2 + 2*i + 10. Let r be f(-5). What is the hundreds digit of (-3 + r + -24)/((-6)/56)?
2
Suppose -50*h - 8*h = 62*h - 216240. What is the units digit of h?
2
Suppose -414 = 3*o + 3*o. Suppose 3*d = -2*d. Let k = d - o. What is the units digit of k?
9
Let u be (-6)/3 + (-32)/(-8). Suppose 0 = 3*t + u*j - 3*j + 30, 4*t - 4*j + 40 = 0. Let s = t - -48. What is the tens digit of s?
3
Let b = 138628 - 96976. What is the ten thousands digit of b?
4
Let w = 93 + -77. Suppose -5*o + 4*a = -2313, -11*a + w*a = 4*o - 1854. What is the tens digit of o?
6
Let j(k) = -15*k**2 - 4. Let p be j(-2). Let a = p - -84. Let x = 22 - a. What is the units digit of x?
2
What is the hundreds digit of (-17726)/(-6) + (-21 - (-868)/42)?
9
Let s(y) be the first derivative of 153*y - 21 + 2/3*y**3 + y**2. What is the hundreds digit of s(0)?
1
Let c(w) = 6759*w**3 + 11*w**2 - 19*w - 11. What is the thousands digit of c(2)?
4
Let c(z) = z + 15. Let p be c(-19). Let v(x) = 2*x**2 + 6*x + 14. Let b be v(p). What is the tens digit of (14/2)/((b/36)/11)?
2
Let w(p) = -5*p**3 - 118*p**2 - 10*p + 28. What is the thousands digit of w(-25)?
4
Suppose -44*c + 42*c - 5*l = -9358, 2*c = 3*l + 9326. What is the units digit of c?
9
Let t = 6 + 5. Let a = -75 + 92. Let v = a + t. What is the tens digit of v?
2
Suppose f + s - 55 = 0, -4*s - 67 = 2*f - 181. Suppose 2*a = -f - 15. Let l = 194 + a. What is the hundreds digit of l?
1
Let i = -17071 - -29542. What is the tens digit of i?
7
Let j be 10/((-4)/2) - (-6 + -2). Suppose -8*k + 636 = 4*u - j*k, u = 5*k + 184. What is the units digit of u?
4
Let b(w) = 68*w + 19. Let s be b(10). Suppose -8*j + 285 = -s. What is the units digit of j?
3
Let u = 7 - 14. Let b = u + 3. What is the tens digit of b/6 - 1216/(-24)?
5
Let l = -1433 + 2477. Let q = l + -269. Suppose -q + 2767 = 8*z. What is the units digit of z?
9
Let q = 10802 + -7395. What is the hundreds digit of q?
4
Suppose 2*x = 3*v, 5*v - 47 + 9 = -3*x. Let j be (14/x)/((-17)/(-204)). What is the units digit of (1 - 36/j)*-161?
6
Suppose -27*n + 24*n + 185488 = -5*v, n - 7*v = 61840. What is the units digit of n?
6
Suppose 4*a + 2*a = -2*a. Let d be (a + -1)/(4/(-20)). Let m(p) = p**3 - 4*p**2 + 3*p - 17. What is the units digit of m(d)?
3
Let h(p) = -4*p + 91. Let l be h(0). Let n = 138 - l. What is the tens digit of n?
4
Let c = 34174 + -25822. What is the hundreds digit of c?
3
Let v(o) = -2*o**2 + 11*o - 13. Let h be v(5). Let n be 1*2*12/h - -13. Suppose -5*d = -n*d + 415. What is the tens digit of d?
8
What is the units digit of ((-51)/(-15) + -3)*-5 - (104 - 730)?
4
Suppose -5*k - y = -105, -5*k + 100 = -3*y + 5*y. Suppose 3*w - 3*u + 325 = k, w = -5*u - 125. Let r = -52 - w. What is the tens digit of r?
5
Suppose -11020 = 4*b - 14*b. Let n = b + -633. What is the tens digit of n?
6
Let d(l) = -l**2 + 21*l - 85. Let c be d(15). Let s(m) = m**2 + 18*m - 37. What is the tens digit of s(c)?
7
Suppose -a + 45 = -2*a. Let t = -57 - a. Let v = -4 - t. What is the units digit of v?
8
Suppose 76 = -6*x + 154. Suppose 36*l = x*l + 8510. What is the hundreds digit of l?
3
Let h(v) = -2*v**3 + 80*v**2 + 81*v + 46. Let y be h(41). Suppose 0 = 4*d + 4, u + 3*d = y*d + 301. What is the tens digit of u?
9
Suppose -19482 = 2*i + 6*h - 3*h, 3*i = -3*h - 29229. What is the units digit of (-7)/77 - i/11?
6
Suppose l + 20 = 6*l. Let p be (2 + (4 - l))/1. Suppose -4*m + 111 = -3*m + k, -m = -p*k - 105. What is the tens digit of m?
0
Suppose -28*i = -85*i - 10*i + 5683945. What is the hundreds digit of i?
8
Let o = 1344 - 430. Suppose 2*k - w = 154, 3*w + 142 = 2*k + 8*w. Suppose 0 = 5*m - k - o. What is the hundreds digit of m?
1
Suppose -127*o + 188283 = -8026 - 208313. What is the tens digit of o?
8
Let f(h) = 1225*h + 411. What is the hundreds digit of f(6)?
7
Let h(a) = 2*a**2 - a - 1. Let r be h(-1). Suppose 248 + r = -5*b. What is the tens digit of (-7520)/b - 4/10?
5
Let b be 2/((-4)/1) - (-510)/68. Let h = b + 16. What is the tens digit of h?
2
Suppose 0*w + 7*w = 42. Suppose 0 = -w*t + 3*t + 1200. Suppose v - 100 = 3*u, v + 3*v + 4*u = t. What is the hundreds digit of v?
1
Suppose 19*s + 8 = -30. Let y(g) = g**3 - 136*g - 1 + 136*g + 3*g**2. What is the units digit of y(s)?
3
Suppose -10*l - 60 = -10. Let f(z) = 49*z**2 + 12*z + 6. What is the thousands digit of f(l)?
1
Let v be ((-7)/((-21)/(-6)))/((-4)/6). Let t(x) = 142*x - 1. What is the tens digit of t(v)?
2
What is the units digit of (30818/(-57))/(10/34 + 2/(-6))?
7
Let z(j) = -20591*j - 650. What is the ten thousands digit of z(-2)?
4
Let d = -422 + 433. Let z(t) = 3*t**2 + 4*t + 36. What is the units digit of z(d)?
3
Suppose 0 = -5*z - 5, 20234 = l + 51*z - 47*z. What is the ten thousands digit of l?
2
What is the tens digit of (11335/(-2) + 1)*(-1060)/742?
9
Suppose -5*z = 3019 - 26209. Suppose -5*s - 1473 + z = 0. What is the units digit of s?
3
What is the hundreds digit of (1157 - (0 - 0))/(50/700)?
1
Let n = -147 - -149. What is the tens digit of n/(-4)*-3*336/18?
2
Let y be (1/(-3))/(18/54). Let x(h) = 31*h**2 - 3*h**2 + 25*h**2 + 0 - 1. What is the units digit of x(y)?
2
Suppose 2*d = y + 4, 0 = -4*y - 3*d + 6 + 11. Let m be ((-3)/(-3) - y)*1. What is the units digit of (m + -44)*(-34)/51?
0
Let g(m) = -466*m - 2350. What is the thousands digit of g(-48)?
0
Let r = -1024 - -8118. What is the hundreds digit of r?
0
Suppose -473154 = 59*t - 81*t. What is the hundreds digit of t?
5
Suppose 2*o = -1 + 21. Let r be ((-12)/(-10))/(-3) + (-66)/o. What is the tens digit of 256/6 - r/21?
4
Suppose 0 = -q + 180 - 179, 2*h - q - 23907 = 0. What is the tens digit of h?
5
Suppose 0 = 98*u - 239*u + 5725446. What is the thousands digit of u?
0
Let q = 26797 - 18194. What is the hundreds digit of q?
6
Suppose 0 = -4*o - 5*l + 30587, -15*o + l = -12*o - 22907. What is the hundreds digit of o?
6
Let x = 7546 - 1813. What is the units digit of x?
3
Suppose -6*q + 18 = 294. Let p be ((-2)/(-4))/((-2)/188). Let w = q - p. What is the units digit of w?
1
Suppose -89*n + 88*n + 4*u = -139, 0 = -n + 2*u + 141. What is the units digit of n?
3
Let z be (5 - 2)/((-15)/(-70)). Suppose -9*v + z = -10*v - 4*o, -o - 7 = 2*v. Let k(d) = -29*d + 1. What is the tens digit of k(v)?
5
Let h = 257 + -371. Let b = h - -30. What is the units digit of 3 + -1 + (-3 - 1*b)?
3
Let f(h) = 235*h + 23. What is the hundreds digit of f(6)?
4
Suppose -81*p - 4*z - 4676 = -83*p, 5*p - 3*z = 11711. Suppose 297*x - 305*x = -p. What is the tens digit of x?
9
Let d(y) = -y - 6. Let o be d(-2). Let m be (o - -11)*((-12)/(-14) - 0). Suppose 5*g + m*i - 196 = 4*i, 4*g - 4*i - 140 = 0. What is the tens digit of g?
3
Let m(c) = -4*c - 4*c - 2*c + 20 + 4*c. Let b be m(15). Let p = -15 - b. What is the units digit of p?
5
Let o = -419 - 275. What is the tens digit of 3 - (o/8)/(18/360)?
3
Let x(h) = 10*h - 2. Let q be x(2). Suppose -20*y = -26*y + q. Suppose -c + 4*p + 70 = 7*p, -p - 200 = -y*c. What is the units digit of c?
7
Let j(f) = -7*f**3 - 51*f**2 - 37*f - 22. Let n(i) = -3*i**3 - 25*i**2 - 18*i - 11. Let x(m) = 2*j(m) - 5*n(m). What is the units digit of x(-22)?
3
Let b = 13004 - 8947. What is the thousands digit of b?
4
Let y = -239 - -555. Suppose 0 = 5*t + 4*x - 126 - y, 0 = 5*t + 5*x - 440. What is the units digit of t?
0
Let x(k) = 46*k + 2596. What is the units digit of x(60)?
6
Let c(v) = -34*v**3 + 3*v**2 + 4*v + 3. Let z be c(-2). Let t(m) = 4*m + 24. Let q be t(13). Let n = z - q. What is the hundreds digit of n?
2
Let k(f) = 52*f**2 + 161*f + 3960. What is the hundreds digit of k(-23)?
7
Suppose o = 4*p + 332, -2*o + 441 = 2*p - 213. Suppose 0*m + o = 4*m. Suppose -106 = -4*v + m. What is the units digit of v?
7
Let d(n) = -n**3 - n**2 + 11*n - 3. Let z = -5 - -2. Let g(b) = 5*b + 9. Let m be g(z). What is the units digit of d(m)?
1
Suppose -3*u = -v + 130, 222*u + 244 = 2*v + 224*u. What is the hundreds digit of v?
1
Let f(u) = 2*u**2 + 21